 divisor of 912 and 1103824?
304
What is the highest common factor of 392570 and 2960?
370
Calculate the highest common factor of 4 and 4254212.
4
Calculate the highest common divisor of 1440 and 8985.
15
Calculate the highest common factor of 289143 and 27.
27
What is the highest common divisor of 203 and 142303?
203
Calculate the greatest common divisor of 2717316 and 504.
252
Calculate the highest common divisor of 15498 and 4182.
246
What is the highest common factor of 12769 and 565?
113
What is the greatest common factor of 609 and 70731?
87
Calculate the highest common divisor of 890 and 1534805.
445
Calculate the highest common factor of 5093 and 154.
11
What is the greatest common factor of 22314 and 12?
6
Calculate the greatest common divisor of 32620 and 1820.
140
What is the greatest common factor of 6987 and 77679?
411
What is the greatest common divisor of 21178 and 4?
2
What is the greatest common factor of 3608 and 625496?
328
What is the highest common factor of 612 and 26214?
102
What is the greatest common divisor of 114821 and 329?
329
Calculate the greatest common divisor of 780 and 941070.
390
What is the highest common divisor of 6956 and 38540?
188
Calculate the greatest common factor of 2190917 and 41.
41
Calculate the greatest common factor of 24 and 243.
3
Calculate the highest common divisor of 315 and 1024485.
105
Calculate the highest common divisor of 507 and 18759.
507
Calculate the greatest common factor of 1264 and 563191.
79
What is the highest common factor of 465 and 4205?
5
What is the greatest common factor of 2294 and 1632181?
1147
What is the highest common factor of 26 and 2487?
1
Calculate the highest common divisor of 414570 and 468.
78
What is the greatest common divisor of 149 and 88?
1
What is the greatest common factor of 2719885 and 35?
35
What is the greatest common divisor of 8602 and 11638?
506
Calculate the greatest common factor of 1049392 and 48.
16
What is the greatest common divisor of 12735 and 54?
9
Calculate the highest common divisor of 5 and 71255.
5
Calculate the highest common divisor of 5685 and 2085.
15
What is the highest common factor of 32269 and 8479?
61
Calculate the greatest common divisor of 1034098 and 155.
31
What is the greatest common divisor of 18937 and 29?
29
Calculate the highest common divisor of 415520 and 7056.
784
What is the greatest common divisor of 39336 and 1490?
298
Calculate the greatest common factor of 238 and 85561.
119
Calculate the greatest common factor of 86492 and 1148.
28
What is the greatest common divisor of 21965 and 6440?
115
What is the greatest common factor of 9 and 34?
1
Calculate the greatest common divisor of 273 and 8853.
39
What is the highest common divisor of 16816 and 1028?
4
Calculate the greatest common divisor of 1134 and 903.
21
Calculate the greatest common factor of 252 and 421029.
63
What is the greatest common factor of 870 and 960?
30
What is the greatest common factor of 44 and 7898?
22
What is the greatest common factor of 1585285 and 65?
65
Calculate the greatest common divisor of 19198 and 812.
58
Calculate the highest common divisor of 1840 and 292928.
368
What is the highest common divisor of 9563123 and 353?
353
What is the highest common divisor of 134 and 3190339?
67
What is the highest common factor of 248 and 77624?
248
Calculate the greatest common divisor of 16640 and 1000.
40
Calculate the highest common divisor of 26 and 5473.
13
What is the greatest common divisor of 4536 and 14472?
216
What is the highest common divisor of 80 and 14120?
40
Calculate the greatest common divisor of 9770429 and 137.
137
Calculate the greatest common factor of 10730 and 222.
74
Calculate the highest common divisor of 95509 and 298.
149
Calculate the highest common factor of 11934 and 3042.
234
What is the greatest common divisor of 9909 and 12111?
1101
What is the greatest common factor of 59346 and 21?
21
What is the greatest common divisor of 57721 and 394?
197
Calculate the highest common factor of 23714 and 21158.
142
Calculate the greatest common factor of 2261 and 4732.
7
Calculate the highest common divisor of 2584 and 3128.
136
Calculate the greatest common divisor of 83053 and 157.
157
Calculate the greatest common divisor of 9280 and 185368.
232
What is the greatest common divisor of 1629 and 362?
181
What is the highest common factor of 4810 and 555074?
962
What is the greatest common divisor of 92 and 20033?
23
Calculate the highest common factor of 112810 and 290.
290
Calculate the highest common factor of 967624 and 1628.
148
Calculate the highest common factor of 12320 and 60445.
385
What is the greatest common divisor of 848 and 128?
16
Calculate the highest common factor of 85811 and 4573.
269
What is the highest common factor of 256104 and 144?
72
Calculate the highest common factor of 112 and 1349026.
14
What is the highest common divisor of 591541 and 166?
83
Calculate the highest common divisor of 2397 and 28050.
51
What is the greatest common factor of 1060 and 2020?
20
What is the greatest common divisor of 640 and 315?
5
Calculate the greatest common factor of 2636398 and 851.
851
Calculate the greatest common factor of 60082 and 22.
22
What is the greatest common factor of 250 and 165925?
25
What is the highest common divisor of 331467 and 353?
353
What is the greatest common divisor of 307 and 1103051?
307
Calculate the highest common divisor of 2159243 and 62.
31
Calculate the greatest common divisor of 2098690 and 20.
10
What is the highest common factor of 2470 and 56449?
19
What is the highest common divisor of 16150 and 153900?
950
Calculate the greatest common divisor of 444 and 49506.
222
Calculate the highest common divisor of 183988 and 336.
28
Calculate the greatest common factor of 1482 and 10944.
114
What is the highest common factor of 14 and 7896?
14
What is the greatest common divisor of 16240 and 2520?
280
Calculate the greatest common divisor of 346650 and 24.
6
Calculate the greatest common factor of 466 and 6.
2
Calculate the greatest common divisor of 2939998 and 207.
23
What is the highest common factor of 28728 and 180?
36
What is the greatest common divisor of 2562 and 24522?
366
Calculate the greatest common divisor of 210 and 804930.
210
What is the greatest common factor of 1350 and 500?
50
Calculate the highest common divisor of 138 and 88.
2
Calculate the highest common divisor of 6993 and 2109.
111
What is the highest common divisor of 82730 and 40?
10
Calculate the highest common factor of 168 and 19124.
28
Calculate the greatest common factor of 31612 and 14.
14
Calculate the greatest common divisor of 148 and 187294.
74
Calculate the highest common factor of 161 and 1406335.
161
What is the highest common factor of 6790 and 2275?
35
What is the greatest common factor of 65 and 1233466?
13
What is the highest common factor of 146580 and 840?
420
Calculate the highest common factor of 168 and 1610.
14
What is the greatest common factor of 120 and 1220?
20
Calculate the highest common factor of 54560 and 528.
176
What is the greatest common factor of 84780 and 628?
628
Calculate the greatest common divisor of 1707051 and 14307.
753
What is the highest common divisor of 8 and 93608?
8
What is the greatest common factor of 105 and 122451?
21
What is the highest common divisor of 32 and 69968?
16
Calculate the highest common divisor of 4452 and 156.
12
Calculate the highest common factor of 45 and 416265.
15
Calculate the highest common factor of 140 and 76965.
35
What is the greatest common divisor of 4728 and 10441?
197
What is the highest common factor of 130 and 11245?
65
What is the greatest common divisor of 388648 and 312?
104
What is the greatest common factor of 5678 and 93019?
167
What is the greatest common divisor of 1342 and 321794?
22
What is the greatest common divisor of 170 and 4216?
34
Calculate the greatest common factor of 135050 and 50.
50
Calculate the highest common factor of 112 and 1730608.
16
What is the highest common factor of 2369 and 48101?
103
Calculate the highest common divisor of 3211111 and 212.
53
What is the greatest common divisor of 250 and 34150?
50
Calculate the greatest common factor of 1082248 and 40.
8
What is the greatest co